12-21 02:13:02.863 22149-22149/com.kaatsu.master D/ActivityThread: SVC-Creating service: CreateServiceData{token=android.os.BinderProxy@83afe47 className=com.kaatsu.master.vchat.FloatingWindowService packageName=com.kaatsu.master intent=null}
12-21 02:13:02.896 22149-22149/com.kaatsu.master D/libc-netbsd: [getaddrinfo]: hostname=localhost; servname=(null); netid=0; mark=0
12-21 02:13:02.896 22149-22149/com.kaatsu.master D/libc-netbsd: [getaddrinfo]: ai_addrlen=0; ai_canonname=(null); ai_flags=0; ai_family=2
12-21 02:13:02.902 22149-22149/com.kaatsu.master D/libc-netbsd: getaddrinfo: localhost get result from proxy gai_error = 0
12-21 02:13:02.911 22149-22149/com.kaatsu.master I/System.out: 02:13:02.911 sip_endpoint.c .Module "mod-pjsua-log" registered
12-21 02:13:02.912 22149-22149/com.kaatsu.master I/System.out: 02:13:02.912 sip_endpoint.c .Module "mod-tsx-layer" registered
12-21 02:13:02.912 22149-22149/com.kaatsu.master I/System.out: 02:13:02.912 sip_endpoint.c .Module "mod-stateful-util" registered
12-21 02:13:02.912 22149-22149/com.kaatsu.master I/System.out: 02:13:02.912 sip_endpoint.c .Module "mod-ua" registered
12-21 02:13:02.912 22149-22149/com.kaatsu.master I/System.out: 02:13:02.912 sip_endpoint.c .Module "mod-100rel" registered
12-21 02:13:02.912 22149-22149/com.kaatsu.master I/System.out: 02:13:02.912 sip_endpoint.c .Module "mod-pjsua" registered
12-21 02:13:02.912 22149-22149/com.kaatsu.master I/System.out: 02:13:02.912 sip_endpoint.c .Module "mod-invite" registered
12-21 02:13:02.912 22149-22149/com.kaatsu.master I/System.out: 02:13:02.912 pjsua_core.c .Trying STUN server stun.pjsip.org (1 of 1)..
12-21 02:13:02.912 22149-22149/com.kaatsu.master D/libc-netbsd: [getaddrinfo]: hostname=stun.pjsip.org; servname=(null); netid=0; mark=0
12-21 02:13:02.913 22149-22149/com.kaatsu.master D/libc-netbsd: [getaddrinfo]: ai_addrlen=0; ai_canonname=(null); ai_flags=0; ai_family=2
12-21 02:13:02.919 22149-22149/com.kaatsu.master D/libc-netbsd: getaddrinfo: stun.pjsip.org get result from proxy gai_error = 0
12-21 02:13:02.920 22149-22149/com.kaatsu.master I/System.out: 02:13:02.920 android_jni_de ..Android JNI sound library initialized
12-21 02:13:02.920 22149-22149/com.kaatsu.master I/System.out: 02:13:02.920 pjlib ..select() I/O Queue created (0x7f7dff2c28)
12-21 02:13:02.937 22149-22149/com.kaatsu.master I/System.out: 02:13:02.937 pjsua_vid.c ..Initializing video subsystem..
12-21 02:13:02.937 22149-22149/com.kaatsu.master I/System.out: 02:13:02.937 openh264.cpp ...OpenH264 codec initialized
12-21 02:13:02.938 22149-22149/com.kaatsu.master I/System.out: 02:13:02.937 opengl_dev.c ...OpenGL device initialized
12-21 02:13:02.938 22149-22149/com.kaatsu.master I/System.out: 02:13:02.938 android_dev.c ...[JNI] Unable to find class 'PjCamera'
12-21 02:13:02.939 22149-22149/com.kaatsu.master I/System.out: 02:13:02.939 colorbar_dev.c ...Colorbar video src initialized with 2 device(s):
12-21 02:13:02.939 22149-22149/com.kaatsu.master I/System.out: 02:13:02.939 colorbar_dev.c ... 0: Colorbar generator
12-21 02:13:02.940 22149-22149/com.kaatsu.master I/System.out: 02:13:02.939 colorbar_dev.c ... 1: Colorbar-active
12-21 02:13:02.941 22149-22149/com.kaatsu.master I/System.out: 02:13:02.941 sip_endpoint.c .Module "mod-evsub" registered
12-21 02:13:02.941 22149-22149/com.kaatsu.master I/System.out: 02:13:02.941 sip_endpoint.c .Module "mod-presence" registered
12-21 02:13:02.941 22149-22149/com.kaatsu.master I/System.out: 02:13:02.941 sip_endpoint.c .Module "mod-mwi" registered
12-21 02:13:02.941 22149-22149/com.kaatsu.master I/System.out: 02:13:02.941 sip_endpoint.c .Module "mod-refer" registered
12-21 02:13:02.942 22149-22149/com.kaatsu.master I/System.out: 02:13:02.941 sip_endpoint.c .Module "mod-pjsua-pres" registered
12-21 02:13:02.942 22149-22149/com.kaatsu.master I/System.out: 02:13:02.942 sip_endpoint.c .Module "mod-pjsua-im" registered
12-21 02:13:02.942 22149-22149/com.kaatsu.master I/System.out: 02:13:02.942 sip_endpoint.c .Module "mod-pjsua-options" registered
12-21 02:13:02.942 22149-22149/com.kaatsu.master I/System.out: 02:13:02.942 pjsua_core.c .1 SIP worker threads created
12-21 02:13:02.942 22149-22149/com.kaatsu.master I/System.out: 02:13:02.942 pjsua_core.c .pjsua version 2.6 for Linux-3.18.19/aarch64 initialized
12-21 02:13:02.942 22149-22149/com.kaatsu.master I/System.out: 02:13:02.942 pjsua_core.c .PJSUA state changed: CREATED --> INIT
12-21 02:13:03.160 22149-22166/com.kaatsu.master I/System.out: 02:13:03.159 stunresolve !.STUN mapped address found/changed: 174.71.214.73:57970
12-21 02:13:03.161 22149-22166/com.kaatsu.master D/libc-netbsd: [getaddrinfo]: hostname=localhost; servname=(null); netid=0; mark=0
12-21 02:13:03.161 22149-22166/com.kaatsu.master D/libc-netbsd: [getaddrinfo]: ai_addrlen=0; ai_canonname=(null); ai_flags=0; ai_family=2
12-21 02:13:03.163 22149-22166/com.kaatsu.master D/libc-netbsd: getaddrinfo: localhost get result from proxy gai_error = 0
12-21 02:13:03.165 22149-22166/com.kaatsu.master I/System.out: 02:13:03.164 pjsua_core.c .STUN resolution success, using stun.pjsip.org, address is 139.162.62.29:3478
12-21 02:13:03.379 22149-22149/com.kaatsu.master I/System.out: 02:13:03.375 pjsua_core.c !SIP UDP socket reachable at 174.71.214.73:6000
12-21 02:13:03.381 22149-22149/com.kaatsu.master I/System.out: 02:13:03.380 udp0x7f71756c0 SIP UDP transport started, published address is 174.71.214.73:6000
12-21 02:13:03.384 22149-22149/com.kaatsu.master D/libc-netbsd: [getaddrinfo]: hostname=localhost; servname=(null); netid=0; mark=0
12-21 02:13:03.385 22149-22149/com.kaatsu.master D/libc-netbsd: [getaddrinfo]: ai_addrlen=0; ai_canonname=(null); ai_flags=0; ai_family=2
12-21 02:13:03.400 22149-22149/com.kaatsu.master D/libc-netbsd: getaddrinfo: localhost get result from proxy gai_error = 0
12-21 02:13:03.404 22149-22149/com.kaatsu.master I/System.out: 02:13:03.404 tcptp:6000 SIP TCP listener ready for incoming connections at 192.168.0.231:6000
12-21 02:13:03.407 22149-22149/com.kaatsu.master D/libc-netbsd: [getaddrinfo]: hostname=localhost; servname=(null); netid=0; mark=0
12-21 02:13:03.407 22149-22149/com.kaatsu.master D/libc-netbsd: [getaddrinfo]: ai_addrlen=0; ai_canonname=(null); ai_flags=0; ai_family=2
12-21 02:13:03.415 22149-22149/com.kaatsu.master D/libc-netbsd: getaddrinfo: localhost get result from proxy gai_error = 0
12-21 02:13:03.418 22149-22149/com.kaatsu.master I/System.out: 02:13:03.418 tlstp:6001 SIP TLS listener is ready for incoming connections at 192.168.0.231:6001
12-21 02:13:03.419 22149-22149/com.kaatsu.master I/System.out: 02:13:03.419 pjsua_core.c PJSUA state changed: INIT --> STARTING
12-21 02:13:03.419 22149-22149/com.kaatsu.master I/System.out: 02:13:03.419 sip_endpoint.c .Module "mod-unsolicited-mwi" registered
12-21 02:13:03.419 22149-22149/com.kaatsu.master I/System.out: 02:13:03.419 pjsua_core.c .PJSUA state changed: STARTING --> RUNNING
12-21 02:13:03.427 22149-22149/com.kaatsu.master I/System.out: 02:13:03.427 pjsua_acc.c Adding account: id=sip:cdavis@prowlers.onsip.com
12-21 02:13:03.427 22149-22149/com.kaatsu.master I/System.out: 02:13:03.427 pjsua_acc.c .Account sip:cdavis@prowlers.onsip.com added with id 0
12-21 02:13:03.427 22149-22149/com.kaatsu.master I/System.out: 02:13:03.427 pjsua_acc.c .Acc 0: setting registration..
12-21 02:13:03.428 22149-22149/com.kaatsu.master D/libc-netbsd: [getaddrinfo]: hostname=sip.onsip.com; servname=(null); netid=0; mark=0
12-21 02:13:03.428 22149-22149/com.kaatsu.master D/libc-netbsd: [getaddrinfo]: ai_addrlen=0; ai_canonname=(null); ai_flags=0; ai_family=2
12-21 02:13:03.430 22149-22149/com.kaatsu.master D/libc-netbsd: getaddrinfo: sip.onsip.com get result from proxy gai_error = 0
12-21 02:13:03.430 22149-22149/com.kaatsu.master I/System.out: 02:13:03.430 pjsua_core.c ...TX 592 bytes Request msg REGISTER/cseq=44443 (tdta0x7f71760000) to UDP 199.7.173.103:5060:
12-21 02:13:03.431 22149-22149/com.kaatsu.master I/System.out: REGISTER sip:prowlers.onsip.com SIP/2.0
12-21 02:13:03.431 22149-22149/com.kaatsu.master I/System.out: Via: SIP/2.0/UDP 174.71.214.73:6000;rport;branch=z9hG4bKPjf12588db-bd41-45ec-90c1-e1b2a2814fcb
12-21 02:13:03.431 22149-22149/com.kaatsu.master I/System.out: Route:
12-21 02:13:03.431 22149-22149/com.kaatsu.master I/System.out: Max-Forwards: 70
12-21 02:13:03.431 22149-22149/com.kaatsu.master I/System.out: From: ;tag=198c6939-0eea-4165-8073-b14962baf87a
12-21 02:13:03.431 22149-22149/com.kaatsu.master I/System.out: To:
12-21 02:13:03.431 22149-22149/com.kaatsu.master I/System.out: Call-ID: 15744fb8-09d0-4006-bea3-918906d56684
12-21 02:13:03.431 22149-22149/com.kaatsu.master I/System.out: CSeq: 44443 REGISTER
12-21 02:13:03.431 22149-22149/com.kaatsu.master I/System.out: User-Agent: Pjsua2 Android 2.6
12-21 02:13:03.431 22149-22149/com.kaatsu.master I/System.out: Contact: ;+sip.ice
12-21 02:13:03.431 22149-22149/com.kaatsu.master I/System.out: Expires: 300
12-21 02:13:03.431 22149-22149/com.kaatsu.master I/System.out: Allow: PRACK, INVITE, ACK, BYE, CANCEL, UPDATE, INFO, SUBSCRIBE, NOTIFY, REFER, MESSAGE, OPTIONS
12-21 02:13:03.431 22149-22149/com.kaatsu.master I/System.out: Content-Length: 0
12-21 02:13:03.431 22149-22149/com.kaatsu.master I/System.out: --end msg--
12-21 02:13:03.432 22149-22149/com.kaatsu.master I/System.out: 02:13:03.432 pjsua_acc.c ..Acc 0: Registration sent
12-21 02:13:03.446 22149-22149/com.kaatsu.master D/SurfaceView: checkSurfaceViewlLogProperty get invalid command
12-21 02:13:03.451 22149-22149/com.kaatsu.master D/WindowClient: Add to mViews: android.view.SurfaceView{72c4f79 V.E...... ......I. 0,0-0,0}, this = android.view.WindowManagerGlobal@eaae4be
12-21 02:13:03.453 22149-22149/com.kaatsu.master D/OpenGLRenderer: Dumper init 2 threads <0x7f7df779c0>
12-21 02:13:03.453 22149-22149/com.kaatsu.master D/OpenGLRenderer: is running.
12-21 02:13:03.456 22149-22171/com.kaatsu.master D/OpenGLRenderer: Use EGL_SWAP_BEHAVIOR_PRESERVED: false
12-21 02:13:03.456 22149-22171/com.kaatsu.master D/OpenGLRenderer: CanvasContext() 0x7f713c4000
12-21 02:13:03.536 22149-22149/com.kaatsu.master I/[MALI][Gralloc]: [+]r_hnd(0x7f7df19ca0), client(33), share_fd(32)
12-21 02:13:03.537 22149-22149/com.kaatsu.master D/GraphicBuffer: register, handle(0x7f7df19ca0) (w:960 h:2048 s:960 f:0x1 u:0x000100)
12-21 02:13:03.542 22149-22149/com.kaatsu.master D/ViewRootImpl: hardware acceleration is enabled, this = ViewRoot{969791f ,ident = 0}
12-21 02:13:03.547 22149-22149/com.kaatsu.master D/ActivityThread: SVC-CREATE_SERVICE handled : 0 / CreateServiceData{token=android.os.BinderProxy@83afe47 className=com.kaatsu.master.vchat.FloatingWindowService packageName=com.kaatsu.master intent=null}
12-21 02:13:03.548 22149-22149/com.kaatsu.master D/ActivityThread: SVC-Calling onStartCommand: com.kaatsu.master.vchat.FloatingWindowService@1ca346c, flags=0, startId=2
12-21 02:13:03.548 22149-22149/com.kaatsu.master D/ActivityThread: SVC-SERVICE_ARGS handled : 0 / ServiceArgsData{token=android.os.BinderProxy@83afe47 startId=2 args=null}
12-21 02:13:03.548 22149-22149/com.kaatsu.master I/SurfaceView: updateWindow -- onWindowVisibilityChanged, visibility = 0, this = android.view.SurfaceView{72c4f79 V.E...... ......I. 0,0-0,0}
12-21 02:13:03.589 22149-22171/com.kaatsu.master D/OpenGLRenderer: CanvasContext() 0x7f713c4000 initialize window=0x7f87920c10, title=
12-21 02:13:03.596 22149-22171/com.kaatsu.master I/OpenGLRenderer: Initialized EGL, version 1.4
12-21 02:13:03.596 22149-22149/com.kaatsu.master I/SurfaceView: updateWindow -- setFrame, this = android.view.SurfaceView{72c4f79 V.E...... ......ID 0,0-480,360}
12-21 02:13:03.598 22149-22149/com.kaatsu.master I/SurfaceView: updateWindow -- OnPreDrawListener, mHaveFrame = true, this = android.view.SurfaceView{72c4f79 V.E...... ......ID 0,0-480,360}
12-21 02:13:03.598 22149-22149/com.kaatsu.master I/SurfaceView: Changes: creating=true format=true size=true visible=true left=true top=true mUpdateWindowNeeded=false mReportDrawNeeded=false redrawNeeded=false forceSizeChanged=true mVisible=false mRequestedVisible=true, this = android.view.SurfaceView{72c4f79 V.E...... ......ID 0,0-480,360}
12-21 02:13:03.613 22149-22149/com.kaatsu.master I/SurfaceView: Cur surface: Surface(name=null)/@0x6996a35, this = android.view.SurfaceView{72c4f79 V.E...... ......ID 0,0-480,360}
12-21 02:13:03.612 22149-22171/com.kaatsu.master D/OpenGLRenderer: Created EGL context (0x7f713c3080)
12-21 02:13:03.631 22149-22161/com.kaatsu.master V/SurfaceView: this = android.view.SurfaceView{72c4f79 V.E...... ......ID 0,0-480,360} got resized: w=480 h=360, cur w=-1 h=-1
12-21 02:13:03.633 22149-22171/com.kaatsu.master I/OpenGLRenderer: Get enable program binary service property (1)
12-21 02:13:03.633 22149-22171/com.kaatsu.master I/OpenGLRenderer: Initializing program atlas...
12-21 02:13:03.637 22149-22166/com.kaatsu.master I/System.out: 02:13:03.633 pjsua_core.c !.RX 561 bytes Response msg 401/REGISTER/cseq=44443 (rdata0x7f7f8a8028) from UDP 199.7.173.103:5060:
12-21 02:13:03.637 22149-22166/com.kaatsu.master I/System.out: SIP/2.0 401 Unauthorized
12-21 02:13:03.637 22149-22166/com.kaatsu.master I/System.out: Via: SIP/2.0/UDP 174.71.214.73:6000;received=174.71.214.73;rport=6000;branch=z9hG4bKPjf12588db-bd41-45ec-90c1-e1b2a2814fcb
12-21 02:13:03.637 22149-22166/com.kaatsu.master I/System.out: From: ;tag=198c6939-0eea-4165-8073-b14962baf87a
12-21 02:13:03.637 22149-22166/com.kaatsu.master I/System.out: To: ;tag=6e4b2a100a1b3f572ff889c75fef7276.fb29
12-21 02:13:03.637 22149-22166/com.kaatsu.master I/System.out: Call-ID: 15744fb8-09d0-4006-bea3-918906d56684
12-21 02:13:03.637 22149-22166/com.kaatsu.master I/System.out: CSeq: 44443 REGISTER
12-21 02:13:03.637 22149-22166/com.kaatsu.master I/System.out: WWW-Authenticate: Digest realm="jnctn.net", nonce="5a3b5f1c00009f6a688f7fc07e2ef6f2d0347ff8c331a55f", qop="auth"
12-21 02:13:03.637 22149-22166/com.kaatsu.master I/System.out: Server: OpenSIPS (1.11.8-notls (x86_64/linux))
12-21 02:13:03.637 22149-22166/com.kaatsu.master I/System.out: Content-Length: 0
12-21 02:13:03.638 22149-22166/com.kaatsu.master I/System.out: --end msg--
12-21 02:13:03.643 22149-22171/com.kaatsu.master D/ProgramBinary/Service: BpProgramBinaryService.getFileDescriptor
12-21 02:13:03.644 22149-22171/com.kaatsu.master D/ProgramBinary/Service: BpProgramBinaryService.getProgramMapLen
12-21 02:13:03.644 22149-22171/com.kaatsu.master D/ProgramBinary/Service: BpProgramBinaryService.getProgramMapArray
12-21 02:13:03.644 22149-22171/com.kaatsu.master D/ProgramBinary/Service: BpProgramBinaryService.getProgramBinaryLen
12-21 02:13:03.644 22149-22171/com.kaatsu.master I/OpenGLRenderer: Program binary detail: Binary length is 171416, program map length is 152.
12-21 02:13:03.644 22149-22171/com.kaatsu.master I/OpenGLRenderer: Succeeded to mmap program binaries. File descriptor is 40, and path is /dev/ashmemq.
12-21 02:13:03.645 22149-22171/com.kaatsu.master I/OpenGLRenderer: No need to use file discriptor anymore, close fd(40).
12-21 02:13:03.645 22149-22171/com.kaatsu.master D/OpenGLRenderer: Initializing program cache from 0x7f8b418bc8, size = 8
12-21 02:13:03.646 22149-22149/com.kaatsu.master I/SurfaceView: New surface: Surface(name=null)/@0x7ac8eca, vis=true, frame=Rect(0, 36 - 480, 396), this = android.view.SurfaceView{72c4f79 V.E...... ......ID 0,0-480,360}
12-21 02:13:03.647 22149-22166/com.kaatsu.master I/System.out: 02:13:03.646 pjsua_core.c ....TX 863 bytes Request msg REGISTER/cseq=44444 (tdta0x7f71760000) to UDP 199.7.173.103:5060:
12-21 02:13:03.647 22149-22166/com.kaatsu.master I/System.out: REGISTER sip:prowlers.onsip.com SIP/2.0
12-21 02:13:03.647 22149-22166/com.kaatsu.master I/System.out: Via: SIP/2.0/UDP 174.71.214.73:6000;rport;branch=z9hG4bKPj91f12d01-1b2c-4759-91d7-7c24ada3ce98
12-21 02:13:03.647 22149-22149/com.kaatsu.master I/SurfaceView: Callback --> surfaceCreated, this = android.view.SurfaceView{72c4f79 V.E...... ......ID 0,0-480,360}
12-21 02:13:03.647 22149-22166/com.kaatsu.master I/System.out: Route:
12-21 02:13:03.647 22149-22166/com.kaatsu.master I/System.out: Max-Forwards: 70
12-21 02:13:03.647 22149-22166/com.kaatsu.master I/System.out: From: ;tag=198c6939-0eea-4165-8073-b14962baf87a
12-21 02:13:03.647 22149-22166/com.kaatsu.master I/System.out: To:
12-21 02:13:03.647 22149-22166/com.kaatsu.master I/System.out: Call-ID: 15744fb8-09d0-4006-bea3-918906d56684
12-21 02:13:03.647 22149-22166/com.kaatsu.master I/System.out: CSeq: 44444 REGISTER
12-21 02:13:03.647 22149-22166/com.kaatsu.master I/System.out: User-Agent: Pjsua2 Android 2.6
12-21 02:13:03.647 22149-22166/com.kaatsu.master I/System.out: Contact: ;+sip.ice
12-21 02:13:03.647 22149-22166/com.kaatsu.master I/System.out: Expires: 300
12-21 02:13:03.647 22149-22166/com.kaatsu.master I/System.out: Allow: PRACK, INVITE, ACK, BYE, CANCEL, UPDATE, INFO, SUBSCRIBE, NOTIFY, REFER, MESSAGE, OPTIONS
12-21 02:13:03.647 22149-22166/com.kaatsu.master I/System.out: Authorization: Digest username="prowlers_caleb", realm="jnctn.net", nonce="5a3b5f1c00009f6a688f7fc07e2ef6f2d0347ff8c331a55f", uri="sip:prowlers.onsip.com", response="eb4f20926d2455625eeb1fd7040c9e3d", cnonce="ba4f9e8a-e7ea-4e3c-bc74-3340ef9fe492", qop=auth, nc=00000001
12-21 02:13:03.647 22149-22149/com.kaatsu.master I/SurfaceView: surfaceCreated callback +, this = android.view.SurfaceView{72c4f79 V.E...... ......ID 0,0-480,360}
12-21 02:13:03.647 22149-22166/com.kaatsu.master I/System.out: Content-Length: 0
12-21 02:13:03.647 22149-22149/com.kaatsu.master I/SurfaceView: surfaceCreated callback -, this = android.view.SurfaceView{72c4f79 V.E...... ......ID 0,0-480,360}
12-21 02:13:03.647 22149-22166/com.kaatsu.master I/System.out: --end msg--
12-21 02:13:03.647 22149-22149/com.kaatsu.master I/SurfaceView: surfaceChanged -- format=4 w=480 h=360, this = android.view.SurfaceView{72c4f79 V.E...... ......ID 0,0-480,360}
12-21 02:13:03.647 22149-22149/com.kaatsu.master I/SurfaceView: surfaceChanged callback +, this = android.view.SurfaceView{72c4f79 V.E...... ......ID 0,0-480,360}
12-21 02:13:03.647 22149-22149/com.kaatsu.master I/SurfaceView: surfaceChanged callback -, this = android.view.SurfaceView{72c4f79 V.E...... ......ID 0,0-480,360}
12-21 02:13:03.648 22149-22149/com.kaatsu.master I/SurfaceView: surfaceRedrawNeeded, this = android.view.SurfaceView{72c4f79 V.E...... ......ID 0,0-480,360}
12-21 02:13:03.649 22149-22149/com.kaatsu.master I/SurfaceView: finishedDrawing, this = android.view.SurfaceView{72c4f79 V.E...... ......ID 0,0-480,360}
12-21 02:13:03.652 22149-22171/com.kaatsu.master D/OpenGLRenderer: -- init (key = 0x0000000000000000)
12-21 02:13:03.656 22149-22171/com.kaatsu.master D/OpenGLRenderer: -- init (key = 0x0000000000000001)
12-21 02:13:03.658 22149-22171/com.kaatsu.master D/OpenGLRenderer: -- init (key = 0x0000000000500041)
12-21 02:13:03.661 22149-22171/com.kaatsu.master D/OpenGLRenderer: -- init (key = 0x0000000800000003)
12-21 02:13:03.659 22149-22149/com.kaatsu.master V/SurfaceView: Layout: x=0 y=0 w=480 h=360, frame=Rect(0, 0 - 480, 360), this = android.view.SurfaceView{72c4f79 V.E...... ......ID 0,0-480,360}
12-21 02:13:03.664 22149-22171/com.kaatsu.master D/OpenGLRenderer: -- init (key = 0x0000001000000000)
12-21 02:13:03.665 22149-22171/com.kaatsu.master D/OpenGLRenderer: -- init (key = 0x0000001000500040)
12-21 02:13:03.667 22149-22171/com.kaatsu.master D/OpenGLRenderer: -- init (key = 0x0000001800500044)
12-21 02:13:03.669 22149-22171/com.kaatsu.master D/OpenGLRenderer: -- init (key = 0x0000003800000000)
12-21 02:13:03.672 22149-22171/com.kaatsu.master D/Surface: Surface::connect(this=0x7f87920c00,api=1)
12-21 02:13:03.673 22149-22171/com.kaatsu.master W/libEGL: [ANDROID_RECORDABLE] format: 1
12-21 02:13:03.673 22149-22171/com.kaatsu.master D/mali_winsys: new_window_surface returns 0x3000
12-21 02:13:03.678 22149-22149/com.kaatsu.master I/SurfaceView: updateWindow -- OnPreDrawListener, mHaveFrame = true, this = android.view.SurfaceView{72c4f79 V.E...... ......ID 0,0-480,360}
12-21 02:13:03.679 22149-22149/com.kaatsu.master I/SurfaceView: Changes: creating=false format=false size=false visible=false left=false top=false mUpdateWindowNeeded=true mReportDrawNeeded=true redrawNeeded=false forceSizeChanged=false mVisible=true mRequestedVisible=true, this = android.view.SurfaceView{72c4f79 V.E...... ......ID 0,0-480,360}
12-21 02:13:03.679 22149-22149/com.kaatsu.master I/SurfaceView: Cur surface: Surface(name=null)/@0x6996a35, this = android.view.SurfaceView{72c4f79 V.E...... ......ID 0,0-480,360}
12-21 02:13:03.683 22149-22149/com.kaatsu.master I/SurfaceView: New surface: Surface(name=null)/@0x7ac8eca, vis=true, frame=Rect(0, 36 - 480, 396), this = android.view.SurfaceView{72c4f79 V.E...... ......ID 0,0-480,360}
12-21 02:13:03.683 22149-22149/com.kaatsu.master I/SurfaceView: surfaceRedrawNeeded, this = android.view.SurfaceView{72c4f79 V.E...... ......ID 0,0-480,360}
12-21 02:13:03.683 22149-22149/com.kaatsu.master I/SurfaceView: finishedDrawing, this = android.view.SurfaceView{72c4f79 V.E...... ......ID 0,0-480,360}
12-21 02:13:03.684 22149-22149/com.kaatsu.master V/SurfaceView: Layout: x=0 y=0 w=480 h=360, frame=Rect(0, 0 - 480, 360), this = android.view.SurfaceView{72c4f79 V.E...... ......ID 0,0-480,360}
12-21 02:13:03.684 22149-22149/com.kaatsu.master I/SurfaceView: Punch a hole(dispatchDraw), w = 480, h = 360, this = android.view.SurfaceView{72c4f79 V.E...... ........ 0,0-480,360}
12-21 02:13:03.687 22149-22171/com.kaatsu.master I/[MALI][Gralloc]: [+]r_hnd(0x7f7df19840), client(33), share_fd(41)
12-21 02:13:03.687 22149-22171/com.kaatsu.master D/GraphicBuffer: register, handle(0x7f7df19840) (w:360 h:480 s:368 f:0x1 u:0x000b00)
12-21 02:13:03.689 22149-22171/com.kaatsu.master D/OpenGLRenderer: ProgramCache save to disk, size = 8
12-21 02:13:03.698 22149-22149/com.kaatsu.master I/SurfaceView: updateWindow -- UPDATE_WINDOW_MSG, this = Handler (android.view.SurfaceView$1) {236883b}
12-21 02:13:03.706 22149-22149/com.kaatsu.master I/SurfaceView: updateWindow -- setFrame, this = android.view.SurfaceView{72c4f79 V.E...... ......I. 0,0-480,360}
12-21 02:13:03.706 22149-22149/com.kaatsu.master I/SurfaceView: updateWindow -- OnPreDrawListener, mHaveFrame = true, this = android.view.SurfaceView{72c4f79 V.E...... ......I. 0,0-480,360}
12-21 02:13:03.844 22149-22166/com.kaatsu.master I/System.out: 02:13:03.843 pjsua_core.c .RX 638 bytes Response msg 200/REGISTER/cseq=44444 (rdata0x7f7f8a8028) from UDP 199.7.173.103:5060:
12-21 02:13:03.844 22149-22166/com.kaatsu.master I/System.out: SIP/2.0 200 OK
12-21 02:13:03.844 22149-22166/com.kaatsu.master I/System.out: Via: SIP/2.0/UDP 174.71.214.73:6000;received=174.71.214.73;rport=6000;branch=z9hG4bKPj91f12d01-1b2c-4759-91d7-7c24ada3ce98
12-21 02:13:03.844 22149-22166/com.kaatsu.master I/System.out: From: ;tag=198c6939-0eea-4165-8073-b14962baf87a
12-21 02:13:03.844 22149-22166/com.kaatsu.master I/System.out: To: ;tag=6e4b2a100a1b3f572ff889c75fef7276.0796
12-21 02:13:03.844 22149-22166/com.kaatsu.master I/System.out: Call-ID: 15744fb8-09d0-4006-bea3-918906d56684
12-21 02:13:03.844 22149-22166/com.kaatsu.master I/System.out: CSeq: 44444 REGISTER
12-21 02:13:03.844 22149-22166/com.kaatsu.master I/System.out: Contact: ;expires=300, ;expires=282, ;expires=173, ;expires=187
12-21 02:13:03.844 22149-22166/com.kaatsu.master I/System.out: Server: OpenSIPS (1.11.8-notls (x86_64/linux))
12-21 02:13:03.844 22149-22166/com.kaatsu.master I/System.out: Content-Length: 0
12-21 02:13:03.844 22149-22166/com.kaatsu.master I/System.out: --end msg--
12-21 02:13:03.845 22149-22166/com.kaatsu.master I/System.out: 02:13:03.844 pjsua_acc.c ....SIP outbound status for acc 0 is not active
12-21 02:13:03.846 22149-22166/com.kaatsu.master I/System.out: 02:13:03.845 pjsua_acc.c ....sip:cdavis@prowlers.onsip.com: registration success, status=200 (OK), will re-register in 173 seconds
12-21 02:13:03.846 22149-22166/com.kaatsu.master I/System.out: 02:13:03.846 pjsua_acc.c ....Keep-alive timer started for acc 0, destination:199.7.173.103:5060, interval:15s
12-21 02:13:03.852 22149-22166/com.kaatsu.master I/System.out: 02:13:03.852 pjsua_call.c ....Making call with acc #0 to sip:jtkirk@prowlers.onsip.com
12-21 02:13:03.852 22149-22166/com.kaatsu.master I/System.out: 02:13:03.852 pjsua_aud.c .....Set sound device: capture=-1, playback=-2
12-21 02:13:03.852 22149-22166/com.kaatsu.master I/System.out: 02:13:03.852 pjsua_aud.c ......Opening sound device (speaker + mic) PCM@16000/1/20ms
12-21 02:13:03.852 22149-22166/com.kaatsu.master I/System.out: 02:13:03.852 android_jni_de .......Creating Android JNI stream
12-21 02:13:03.858 22149-22160/com.kaatsu.master D/AudioSystem: getIoDescriptor: ioHandle = 2, index = -2, mIoDescriptors = 0x7f8278e850
12-21 02:13:03.858 22149-22160/com.kaatsu.master D/AudioSystem: getIoDescriptor: ioHandle = 4, index = -2, mIoDescriptors = 0x7f8278e850
12-21 02:13:03.859 22149-22166/com.kaatsu.master D/AudioRecord: getMinFrameCount 1024
12-21 02:13:03.860 22149-22166/com.kaatsu.master D/AudioSystem: getIoDescriptor: ioHandle = 2, index = 0, mIoDescriptors = 0x7f8278e850
12-21 02:13:03.860 22149-22166/com.kaatsu.master D/AudioSystem: getIoDescriptor: ioHandle = 2, index = 0, mIoDescriptors = 0x7f8278e850
12-21 02:13:03.861 22149-22166/com.kaatsu.master D/AudioSystem: getIoDescriptor: ioHandle = 2, index = 0, mIoDescriptors = 0x7f8278e850
12-21 02:13:03.861 22149-22166/com.kaatsu.master I/System.out: 02:13:03.861 android_jni_de .......Using audio input source : 7
12-21 02:13:03.862 22149-22166/com.kaatsu.master D/AudioRecord: set(): inputSource 7, sampleRate 16000, format 0x1, channelMask 0x10, frameCount 1024, notificationFrames 0, sessionId 0, transferType 0, flags 0, opPackageName com.kaatsu.master uid -1, pid -1
12-21 02:13:03.862 22149-22166/com.kaatsu.master D/AudioRecord: set: Create AudioRecordThread
12-21 02:13:03.862 22149-22166/com.kaatsu.master D/AudioRecord: openRecord_l
12-21 02:13:03.865 22149-22161/com.kaatsu.master D/AudioSystem: getIoDescriptor: ioHandle = 828, index = -2, mIoDescriptors = 0x7f8278e850
12-21 02:13:03.871 22149-22166/com.kaatsu.master I/System.out: 02:13:03.871 android_jni_de .......Audio record initialized successfully.
12-21 02:13:03.872 22149-22166/com.kaatsu.master D/AudioTrack: set(): 0x7f71517000, streamType -1, sampleRate 16000, format 0x1, channelMask 0x1, frameCount 1500, flags #0, notificationFrames 0, sessionId 0, transferType 3, uid -1, pid -1
12-21 02:13:03.872 22149-22166/com.kaatsu.master D/AudioTrack: audiotrack 0x7f71517000 set Type -1, rate 16000, fmt 1, chn 1, fcnt 1500, flags 0000
12-21 02:13:03.872 22149-22186/com.kaatsu.master I/System.out: 02:13:03.872 android_jni_de !Setting thread priority successful
12-21 02:13:03.872 22149-22186/com.kaatsu.master D/AudioRecord: start, sync event 0 trigger session 0
12-21 02:13:03.872 22149-22166/com.kaatsu.master D/AudioTrack: set: Create AudioTrackThread
12-21 02:13:03.875 22149-22160/com.kaatsu.master D/AudioSystem: getIoDescriptor: ioHandle = 828, index = 2, mIoDescriptors = 0x7f8278e850
12-21 02:13:03.876 22149-22186/com.kaatsu.master D/AudioRecord: return status 0
12-21 02:13:03.877 22149-22186/com.kaatsu.master D/AudioRecord: stop
12-21 02:13:03.877 22149-22186/com.kaatsu.master D/AudioTrackShared: front(0), mIsOut 0, interrupt() FUTEX_WAKE
12-21 02:13:03.877 22149-22166/com.kaatsu.master D/AudioTrack: mChannelMask 0x1
12-21 02:13:03.877 22149-22166/com.kaatsu.master D/AudioSystem: getIoDescriptor: ioHandle = 2, index = 0, mIoDescriptors = 0x7f8278e850
12-21 02:13:03.878 22149-22166/com.kaatsu.master D/AudioSystem: getIoDescriptor: ioHandle = 2, index = 0, mIoDescriptors = 0x7f8278e850
12-21 02:13:03.878 22149-22166/com.kaatsu.master D/AudioSystem: getIoDescriptor: ioHandle = 2, index = 0, mIoDescriptors = 0x7f8278e850
12-21 02:13:03.879 22149-22166/com.kaatsu.master D/AudioTrack: createTrack_l: mLatency = 185, mAfLatency = 92, frameCount = 1500, mSampleRate = 16000
12-21 02:13:03.879 22149-22166/com.kaatsu.master D/AudioTrackCenter: addTrack, trackId:0x7f6f800880, frameCount:1500, sampleRate:16000, trackPtr:0x7f71517000
12-21 02:13:03.879 22149-22166/com.kaatsu.master D/AudioTrackCenter: addTrack: trackId = 0x7f6f800880, mAfSampleRate = 44100, sampleRate = 16000, AfFrameCount = 1024 , mAfSampleRate = 44100, frameCount = 1500, framesFilled = 825699892
12-21 02:13:03.879 22149-22166/com.kaatsu.master D/AudioTrackCenter: addTrack: trackId, info.server, info.framePlayed, info.ts, 0x7f6f800880, 0, 0, 244301093975
12-21 02:13:03.880 22149-22166/com.kaatsu.master I/System.out: 02:13:03.879 android_jni_de !.......Audio track initialized successfully.
12-21 02:13:03.880 22149-22188/com.kaatsu.master I/System.out: 02:13:03.880 android_jni_de !Setting thread priority successful
12-21 02:13:03.880 22149-22166/com.kaatsu.master I/System.out: 02:13:03.880 ec0x7f8278e900 !.......AEC created, clock_rate=16000, channel=1, samples per frame=320, tail length=200 ms, latency=0 ms
12-21 02:13:03.881 22149-22166/com.kaatsu.master I/System.out: 02:13:03.881 android_jni_de .......Android JNI stream started
12-21 02:13:03.881 22149-22166/com.kaatsu.master I/System.out: 02:13:03.881 pjsua_media.c .....Call 0: initializing media..
12-21 02:13:03.881 22149-22188/com.kaatsu.master D/AudioTrack: start(): 0x7f71517000, mState = 1
12-21 02:13:03.881 22149-22188/com.kaatsu.master D/AudioTrack: start(): resume AudioTrackThread
12-21 02:13:03.881 22149-22188/com.kaatsu.master D/AudioTrack: AudioTrackThread::resume
12-21 02:13:03.881 22149-22166/com.kaatsu.master I/System.out: 02:13:03.881 icetp00 ......Creating ICE stream transport with 2 component(s)
12-21 02:13:03.883 22149-22166/com.kaatsu.master I/System.out: 02:13:03.883 icetp00 .......Comp 1: srflx candidate (tpid=64) starts Binding discovery
12-21 02:13:03.883 22149-22166/com.kaatsu.master D/libc-netbsd: [getaddrinfo]: hostname=localhost; servname=(null); netid=0; mark=0
12-21 02:13:03.883 22149-22166/com.kaatsu.master D/libc-netbsd: [getaddrinfo]: ai_addrlen=0; ai_canonname=(null); ai_flags=0; ai_family=2
12-21 02:13:03.885 22149-22166/com.kaatsu.master D/libc-netbsd: getaddrinfo: localhost get result from proxy gai_error = 0
12-21 02:13:03.886 22149-22166/com.kaatsu.master D/libc-netbsd: [getaddrinfo]: hostname=localhost; servname=(null); netid=0; mark=0
12-21 02:13:03.886 22149-22166/com.kaatsu.master D/libc-netbsd: [getaddrinfo]: ai_addrlen=0; ai_canonname=(null); ai_flags=0; ai_family=2
12-21 02:13:03.888 22149-22166/com.kaatsu.master D/libc-netbsd: getaddrinfo: localhost get result from proxy gai_error = 0
12-21 02:13:03.889 22149-22166/com.kaatsu.master I/System.out: 02:13:03.888 icetp00 .......Comp 1/1: host candidate 192.168.0.231:33455 (tpid=64) added
12-21 02:13:03.889 22149-22166/com.kaatsu.master I/System.out: 02:13:03.889 icetp00 .......Comp 2: srflx candidate (tpid=64) starts Binding discovery
12-21 02:13:03.889 22149-22166/com.kaatsu.master D/libc-netbsd: [getaddrinfo]: hostname=localhost; servname=(null); netid=0; mark=0
12-21 02:13:03.889 22149-22166/com.kaatsu.master D/libc-netbsd: [getaddrinfo]: ai_addrlen=0; ai_canonname=(null); ai_flags=0; ai_family=2
12-21 02:13:03.892 22149-22166/com.kaatsu.master D/libc-netbsd: getaddrinfo: localhost get result from proxy gai_error = 0
12-21 02:13:03.892 22149-22166/com.kaatsu.master D/libc-netbsd: [getaddrinfo]: hostname=localhost; servname=(null); netid=0; mark=0
12-21 02:13:03.892 22149-22166/com.kaatsu.master D/libc-netbsd: [getaddrinfo]: ai_addrlen=0; ai_canonname=(null); ai_flags=0; ai_family=2
12-21 02:13:03.894 22149-22166/com.kaatsu.master D/libc-netbsd: getaddrinfo: localhost get result from proxy gai_error = 0
12-21 02:13:03.896 22149-22166/com.kaatsu.master I/System.out: 02:13:03.896 icetp00 .......Comp 2/1: host candidate 192.168.0.231:46479 (tpid=64) added
12-21 02:13:03.896 22149-22166/com.kaatsu.master I/System.out: 02:13:03.896 icetp00 .......ICE stream transport 0x7f71509028 created
12-21 02:13:03.897 22149-22166/com.kaatsu.master I/System.out: 02:13:03.897 icetp01 ......Creating ICE stream transport with 2 component(s)
12-21 02:13:03.898 22149-22166/com.kaatsu.master I/System.out: 02:13:03.898 icetp01 .......Comp 1: srflx candidate (tpid=64) starts Binding discovery
12-21 02:13:03.898 22149-22166/com.kaatsu.master D/libc-netbsd: [getaddrinfo]: hostname=localhost; servname=(null); netid=0; mark=0
12-21 02:13:03.898 22149-22166/com.kaatsu.master D/libc-netbsd: [getaddrinfo]: ai_addrlen=0; ai_canonname=(null); ai_flags=0; ai_family=2
12-21 02:13:03.900 22149-22166/com.kaatsu.master D/libc-netbsd: getaddrinfo: localhost get result from proxy gai_error = 0
12-21 02:13:03.901 22149-22188/com.kaatsu.master D/AudioTrackCenter: setTrackActive, trackId: 0x7f6f800880, active: 1
12-21 02:13:03.901 22149-22187/com.kaatsu.master D/AudioTrack: AudioTrackThread::pauseInternal: ns = 9223372036854775807
12-21 02:13:03.901 22149-22188/com.kaatsu.master D/AudioTrack: write: userSize = 640, blocking = 1
12-21 02:13:03.901 22149-22188/com.kaatsu.master D/AudioTrack: write: userSize = 640, blocking = 1
12-21 02:13:03.901 22149-22188/com.kaatsu.master D/AudioTrack: write: userSize = 640, blocking = 1
12-21 02:13:03.901 22149-22188/com.kaatsu.master D/AudioTrack: write: userSize = 640, blocking = 1
12-21 02:13:03.901 22149-22188/com.kaatsu.master D/AudioTrack: write: userSize = 640, blocking = 1
12-21 02:13:03.902 22149-22166/com.kaatsu.master D/libc-netbsd: [getaddrinfo]: hostname=localhost; servname=(null); netid=0; mark=0
12-21 02:13:03.902 22149-22166/com.kaatsu.master D/libc-netbsd: [getaddrinfo]: ai_addrlen=0; ai_canonname=(null); ai_flags=0; ai_family=2
12-21 02:13:03.904 22149-22186/com.kaatsu.master D/AudioRecord: -stop
12-21 02:13:03.904 22149-22186/com.kaatsu.master D/AudioRecord: start, sync event 0 trigger session 0
12-21 02:13:03.910 22149-22186/com.kaatsu.master D/AudioRecord: return status 0
12-21 02:13:03.911 22149-22166/com.kaatsu.master D/libc-netbsd: getaddrinfo: localhost get result from proxy gai_error = 0
12-21 02:13:03.912 22149-22166/com.kaatsu.master I/System.out: 02:13:03.912 icetp01 .......Comp 1/1: host candidate 192.168.0.231:51943 (tpid=64) added
12-21 02:13:03.912 22149-22166/com.kaatsu.master I/System.out: 02:13:03.912 icetp01 .......Comp 2: srflx candidate (tpid=64) starts Binding discovery
12-21 02:13:03.913 22149-22166/com.kaatsu.master D/libc-netbsd: [getaddrinfo]: hostname=localhost; servname=(null); netid=0; mark=0
12-21 02:13:03.913 22149-22166/com.kaatsu.master D/libc-netbsd: [getaddrinfo]: ai_addrlen=0; ai_canonname=(null); ai_flags=0; ai_family=2
12-21 02:13:03.915 22149-22166/com.kaatsu.master D/libc-netbsd: getaddrinfo: localhost get result from proxy gai_error = 0
12-21 02:13:03.916 22149-22166/com.kaatsu.master D/libc-netbsd: [getaddrinfo]: hostname=localhost; servname=(null); netid=0; mark=0
12-21 02:13:03.916 22149-22166/com.kaatsu.master D/libc-netbsd: [getaddrinfo]: ai_addrlen=0; ai_canonname=(null); ai_flags=0; ai_family=2
12-21 02:13:03.918 22149-22166/com.kaatsu.master D/libc-netbsd: getaddrinfo: localhost get result from proxy gai_error = 0
12-21 02:13:03.919 22149-22166/com.kaatsu.master I/System.out: 02:13:03.919 icetp01 .......Comp 2/1: host candidate 192.168.0.231:45551 (tpid=64) added
12-21 02:13:03.919 22149-22166/com.kaatsu.master I/System.out: 02:13:03.919 icetp01 .......ICE stream transport 0x7f7150a828 created
12-21 02:13:03.919 22149-22166/com.kaatsu.master I/System.out: 02:13:03.919 pjsua_media.c ......Media index 0 selected for audio call 0
12-21 02:13:03.999 22149-22188/com.kaatsu.master D/AudioTrack: write: userSize = 640, blocking = 1
12-21 02:13:03.999 22149-22188/com.kaatsu.master D/AudioTrack: write: userSize = 640, blocking = 1
12-21 02:13:04.000 22149-22188/com.kaatsu.master D/AudioTrack: write: userSize = 640, blocking = 1
12-21 02:13:04.000 22149-22188/com.kaatsu.master D/AudioTrack: write: userSize = 640, blocking = 1
12-21 02:13:04.033 22149-22188/com.kaatsu.master D/AudioTrack: write: userSize = 640, blocking = 1
12-21 02:13:04.033 22149-22188/com.kaatsu.master D/AudioTrack: write: userSize = 640, blocking = 1
12-21 02:13:04.033 22149-22188/com.kaatsu.master D/AudioTrack: write: userSize = 640, blocking = 1
12-21 02:13:04.081 22149-22166/com.kaatsu.master I/System.out: 02:13:04.081 stuntp0x7f8278 .STUN mapped address found/changed: 174.71.214.73:33455
12-21 02:13:04.082 22149-22166/com.kaatsu.master D/libc-netbsd: [getaddrinfo]: hostname=localhost; servname=(null); netid=0; mark=0
12-21 02:13:04.082 22149-22166/com.kaatsu.master D/libc-netbsd: [getaddrinfo]: ai_addrlen=0; ai_canonname=(null); ai_flags=0; ai_family=2
12-21 02:13:04.086 22149-22166/com.kaatsu.master D/libc-netbsd: getaddrinfo: localhost get result from proxy gai_error = 0
12-21 02:13:04.087 22149-22188/com.kaatsu.master D/AudioTrack: write: userSize = 640, blocking = 1
12-21 02:13:04.087 22149-22166/com.kaatsu.master I/System.out: 02:13:04.086 icetp00 .Comp 1: Binding discovery complete, srflx address is 174.71.214.73:33455
12-21 02:13:04.087 22149-22188/com.kaatsu.master D/AudioTrack: write: userSize = 640, blocking = 1
12-21 02:13:04.087 22149-22188/com.kaatsu.master D/AudioTrack: write: userSize = 640, blocking = 1
12-21 02:13:04.087 22149-22188/com.kaatsu.master D/AudioTrack: write: userSize = 640, blocking = 1
12-21 02:13:04.093 22149-22166/com.kaatsu.master I/System.out: 02:13:04.092 stuntp0x7f7153 .STUN mapped address found/changed: 174.71.214.73:46479
12-21 02:13:04.093 22149-22166/com.kaatsu.master D/libc-netbsd: [getaddrinfo]: hostname=localhost; servname=(null); netid=0; mark=0
12-21 02:13:04.093 22149-22166/com.kaatsu.master D/libc-netbsd: [getaddrinfo]: ai_addrlen=0; ai_canonname=(null); ai_flags=0; ai_family=2
12-21 02:13:04.095 22149-22166/com.kaatsu.master D/libc-netbsd: getaddrinfo: localhost get result from proxy gai_error = 0
12-21 02:13:04.096 22149-22166/com.kaatsu.master I/System.out: 02:13:04.095 icetp00 .Comp 2: Binding discovery complete, srflx address is 174.71.214.73:46479
12-21 02:13:04.099 22149-22166/com.kaatsu.master I/System.out: 02:13:04.098 stuntp0x7f7153 .STUN mapped address found/changed: 174.71.214.73:51943
12-21 02:13:04.099 22149-22166/com.kaatsu.master D/libc-netbsd: [getaddrinfo]: hostname=localhost; servname=(null); netid=0; mark=0
12-21 02:13:04.099 22149-22166/com.kaatsu.master D/libc-netbsd: [getaddrinfo]: ai_addrlen=0; ai_canonname=(null); ai_flags=0; ai_family=2
12-21 02:13:04.101 22149-22166/com.kaatsu.master D/libc-netbsd: getaddrinfo: localhost get result from proxy gai_error = 0
12-21 02:13:04.102 22149-22166/com.kaatsu.master I/System.out: 02:13:04.102 icetp01 .Comp 1: Binding discovery complete, srflx address is 174.71.214.73:51943
12-21 02:13:04.124 22149-22166/com.kaatsu.master I/System.out: 02:13:04.123 stuntp0x7f7153 .STUN mapped address found/changed: 174.71.214.73:45551
12-21 02:13:04.124 22149-22166/com.kaatsu.master D/libc-netbsd: [getaddrinfo]: hostname=localhost; servname=(null); netid=0; mark=0
12-21 02:13:04.124 22149-22166/com.kaatsu.master D/libc-netbsd: [getaddrinfo]: ai_addrlen=0; ai_canonname=(null); ai_flags=0; ai_family=2
12-21 02:13:04.130 22149-22166/com.kaatsu.master D/libc-netbsd: getaddrinfo: localhost get result from proxy gai_error = 0
12-21 02:13:04.134 22149-22166/com.kaatsu.master I/System.out: 02:13:04.133 icetp01 .Comp 2: Binding discovery complete, srflx address is 174.71.214.73:45551
12-21 02:13:04.137 22149-22166/com.kaatsu.master I/System.out: 02:13:04.136 icetp00 ICE session created, comp_cnt=2, role is Controlling agent
12-21 02:13:04.138 22149-22166/com.kaatsu.master I/System.out: 02:13:04.137 icetp00 ICE nomination type set to aggressive
12-21 02:13:04.139 22149-22166/com.kaatsu.master I/System.out: 02:13:04.138 icetp00 Candidate 0 added: comp_id=1, type=srflx, foundation=Sc0a800e7, addr=174.71.214.73:33455, base=192.168.0.231:33455, prio=0x6effffff (1862270975)
12-21 02:13:04.140 22149-22166/com.kaatsu.master I/System.out: 02:13:04.139 icetp00 Candidate 1 added: comp_id=1, type=host, foundation=Hc0a800e7, addr=192.168.0.231:33455, base=192.168.0.231:33455, prio=0x64ffffff (1694498815)
12-21 02:13:04.141 22149-22166/com.kaatsu.master I/System.out: 02:13:04.140 icetp00 Candidate 2 added: comp_id=2, type=srflx, foundation=Sc0a800e7, addr=174.71.214.73:46479, base=192.168.0.231:46479, prio=0x6efffffe (1862270974)
12-21 02:13:04.142 22149-22166/com.kaatsu.master I/System.out: 02:13:04.141 icetp00 Candidate 3 added: comp_id=2, type=host, foundation=Hc0a800e7, addr=192.168.0.231:46479, base=192.168.0.231:46479, prio=0x64fffffe (1694498814)
12-21 02:13:04.144 22149-22166/com.kaatsu.master I/System.out: 02:13:04.143 icetp01 ICE session created, comp_cnt=2, role is Controlling agent
12-21 02:13:04.144 22149-22166/com.kaatsu.master I/System.out: 02:13:04.144 icetp01 ICE nomination type set to aggressive
12-21 02:13:04.145 22149-22166/com.kaatsu.master I/System.out: 02:13:04.145 icetp01 Candidate 0 added: comp_id=1, type=srflx, foundation=Sc0a800e7, addr=174.71.214.73:51943, base=192.168.0.231:51943, prio=0x6effffff (1862270975)
12-21 02:13:04.146 22149-22166/com.kaatsu.master I/System.out: 02:13:04.146 icetp01 Candidate 1 added: comp_id=1, type=host, foundation=Hc0a800e7, addr=192.168.0.231:51943, base=192.168.0.231:51943, prio=0x64ffffff (1694498815)
12-21 02:13:04.147 22149-22166/com.kaatsu.master I/System.out: 02:13:04.147 icetp01 Candidate 2 added: comp_id=2, type=srflx, foundation=Sc0a800e7, addr=174.71.214.73:45551, base=192.168.0.231:45551, prio=0x6efffffe (1862270974)
12-21 02:13:04.148 22149-22166/com.kaatsu.master I/System.out: 02:13:04.148 icetp01 Candidate 3 added: comp_id=2, type=host, foundation=Hc0a800e7, addr=192.168.0.231:45551, base=192.168.0.231:45551, prio=0x64fffffe (1694498814)
12-21 02:13:04.151 22149-22166/com.kaatsu.master D/libc-netbsd: [getaddrinfo]: hostname=sip.onsip.com; servname=(null); netid=0; mark=0
12-21 02:13:04.151 22149-22166/com.kaatsu.master D/libc-netbsd: [getaddrinfo]: ai_addrlen=0; ai_canonname=(null); ai_flags=0; ai_family=2
12-21 02:13:04.155 22149-22188/com.kaatsu.master D/AudioTrack: write: userSize = 640, blocking = 1
12-21 02:13:04.155 22149-22188/com.kaatsu.master D/AudioTrack: write: userSize = 640, blocking = 1
12-21 02:13:04.155 22149-22188/com.kaatsu.master D/AudioTrack: write: userSize = 640, blocking = 1
12-21 02:13:04.156 22149-22166/com.kaatsu.master D/libc-netbsd: getaddrinfo: sip.onsip.com get result from proxy gai_error = 0
12-21 02:13:04.158 22149-22166/com.kaatsu.master I/System.out: 02:13:04.158 tcpc0x7f6f4b00 ...TCP client transport created
12-21 02:13:04.160 22149-22166/com.kaatsu.master I/System.out: 02:13:04.159 tcpc0x7f6f4b00 ...TCP transport 192.168.0.231:33763 is connecting to 199.7.173.103:5060...
12-21 02:13:04.161 22149-22166/com.kaatsu.master I/System.out: 02:13:04.161 pjsua_core.c ...TX 2141 bytes Request msg INVITE/cseq=14415 (tdta0x7f827ba000) to TCP 199.7.173.103:5060:
12-21 02:13:04.161 22149-22166/com.kaatsu.master I/System.out: INVITE sip:jtkirk@prowlers.onsip.com SIP/2.0
12-21 02:13:04.161 22149-22166/com.kaatsu.master I/System.out: Via: SIP/2.0/TCP 192.168.0.231:33763;rport;branch=z9hG4bKPjf35025bb-c062-43c0-991f-49f3673ffd40;alias
12-21 02:13:04.161 22149-22166/com.kaatsu.master I/System.out: Max-Forwards: 70
12-21 02:13:04.161 22149-22166/com.kaatsu.master I/System.out: From: sip:cdavis@prowlers.onsip.com;tag=bedb0be0-1817-4c77-ba66-9e9479d501d8
12-21 02:13:04.161 22149-22166/com.kaatsu.master I/System.out: To: sip:jtkirk@prowlers.onsip.com
12-21 02:13:04.161 22149-22166/com.kaatsu.master I/System.out: Contact: ;+sip.ice
12-21 02:13:04.161 22149-22166/com.kaatsu.master I/System.out: Call-ID: 008af417-ffaa-4285-8ae7-6c3b17ea55a8
12-21 02:13:04.161 22149-22166/com.kaatsu.master I/System.out: CSeq: 14415 INVITE
12-21 02:13:04.161 22149-22166/com.kaatsu.master I/System.out: Route:
12-21 02:13:04.162 22149-22166/com.kaatsu.master I/System.out: Allow: PRACK, INVITE, ACK, BYE, CANCEL, UPDATE, INFO, SUBSCRIBE, NOTIFY, REFER, MESSAGE, OPTIONS
12-21 02:13:04.162 22149-22166/com.kaatsu.master I/System.out: Supported: replaces, 100rel, timer, norefersub
12-21 02:13:04.162 22149-22166/com.kaatsu.master I/System.out: Session-Expires: 1800
12-21 02:13:04.162 22149-22166/com.kaatsu.master I/System.out: Min-SE: 90
12-21 02:13:04.162 22149-22166/com.kaatsu.master I/System.out: User-Agent: Pjsua2 Android 2.6
12-21 02:13:04.162 22149-22166/com.kaatsu.master I/System.out: Content-Type: application/sdp
12-21 02:13:04.162 22149-22166/com.kaatsu.master I/System.out: Content-Length: 1440
12-21 02:13:04.162 22149-22166/com.kaatsu.master I/System.out: v=0
12-21 02:13:04.162 22149-22166/com.kaatsu.master I/System.out: o=- 3722829184 3722829184 IN IP4 174.71.214.73
12-21 02:13:04.162 22149-22166/com.kaatsu.master I/System.out: s=pjmedia
12-21 02:13:04.162 22149-22166/com.kaatsu.master I/System.out: b=AS:352
12-21 02:13:04.162 22149-22166/com.kaatsu.master I/System.out: t=0 0
12-21 02:13:04.162 22149-22166/com.kaatsu.master I/System.out: a=X-nat:0
12-21 02:13:04.162 22149-22166/com.kaatsu.master I/System.out: m=audio 33455 RTP/AVP 98 97 99 104 3 0 8 9 96
12-21 02:13:04.162 22149-22166/com.kaatsu.master I/System.out: c=IN IP4 174.71.214.73
12-21 02:13:04.162 22149-22166/com.kaatsu.master I/System.out: b=TIAS:64000
12-21 02:13:04.162 22149-22166/com.kaatsu.master I/System.out: a=rtcp:46479 IN IP4 174.71.214.73
12-21 02:13:04.162 22149-22166/com.kaatsu.master I/System.out: a=sendrecv
12-21 02:13:04.162 22149-22166/com.kaatsu.master I/System.out: a=rtpmap:98 speex/16000
12-21 02:13:04.162 22149-22166/com.kaatsu.master I/System.out: a=rtpmap:97 speex/8000
12-21 02:13:04.162 22149-22166/com.kaatsu.master I/System.out: a=rtpmap:99 speex/32000
12-21 02:13:04.162 22149-22166/com.kaatsu.master I/System.out: a=rtpmap:104 iLBC/8000
12-21 02:13:04.162 22149-22166/com.kaatsu.master I/System.out: a=fmtp:104 mode=30
12-21 02:13:04.162 22149-22166/com.kaatsu.master I/System.out: a=rtpmap:3 GSM/8000
12-21 02:13:04.162 22149-22166/com.kaatsu.master I/System.out: a=rtpmap:0 PCMU/8000
12-21 02:13:04.162 22149-22166/com.kaatsu.master I/System.out: a=rtpmap:8 PCMA/8000
12-21 02:13:04.162 22149-22166/com.kaatsu.master I/System.out: a=rtpmap:9 G722/8000
12-21 02:13:04.162 22149-22166/com.kaatsu.master I/System.out: a=rtpmap:96 telephone-event/8000
12-21 02:13:04.162 22149-22166/com.kaatsu.master I/System.out: a=fmtp:96 0-16
12-21 02:13:04.162 22149-22166/com.kaatsu.master I/System.out: a=ice-ufrag:1c88b83c
12-21 02:13:04.162 22149-22166/com.kaatsu.master I/System.out: a=ice-pwd:63ff9a3e
12-21 02:13:04.162 22149-22166/com.kaatsu.master I/System.out: a=candidate:Sc0a800e7 1 UDP 1862270975 174.71.214.73 33455 typ srflx raddr 192.168.0.231 rport 33455
12-21 02:13:04.162 22149-22166/com.kaatsu.master I/System.out: a=candidate:Hc0a800e7 1 UDP 1694498815 192.168.0.231 33455 typ host
12-21 02:13:04.162 22149-22166/com.kaatsu.master I/System.out: a=candidate:Sc0a800e7 2 UDP 1862270974 174.71.214.73 46479 typ srflx raddr 192.168.0.231 rport 46479
12-21 02:13:04.162 22149-22166/com.kaatsu.master I/System.out: a=candidate:Hc0a800e7 2 UDP 1694498814 192.168.0.231 46479 typ host
12-21 02:13:04.162 22149-22166/com.kaatsu.master I/System.out: m=video 51943 RTP/AVP 97
12-21 02:13:04.162 22149-22166/com.kaatsu.master I/System.out: c=IN IP4 174.71.214.73
12-21 02:13:04.162 22149-22166/com.kaatsu.master I/System.out: b=TIAS:256000
12-21 02:13:04.162 22149-22166/com.kaatsu.master I/System.out: a=rtcp:45551 IN IP4 174.71.214.73
12-21 02:13:04.163 22149-22166/com.kaatsu.master I/System.out: a=sendrecv
12-21 02:13:04.163 22149-22166/com.kaatsu.master I/System.out: a=rtpmap:97 H264/90000
12-21 02:13:04.163 22149-22166/com.kaatsu.master I/System.out: a=fmtp:97 profile-level-id=42e01e; packetization-mode=1
12-21 02:13:04.163 22149-22166/com.kaatsu.master I/System.out: a=ice-ufrag:17f2d28e
12-21 02:13:04.163 22149-22166/com.kaatsu.master I/System.out: a=ice-pwd:3399da81
12-21 02:13:04.163 22149-22166/com.kaatsu.master I/System.out: a=candidate:Sc0a800e7 1 UDP 1862270975 174.71.214.73 51943 typ srflx raddr 192.168.0.231 rport 51943
12-21 02:13:04.163 22149-22166/com.kaatsu.master I/System.out: a=candidate:Hc0a800e7 1 UDP 1694498815 192.168.0.231 51943 typ host
12-21 02:13:04.163 22149-22166/com.kaatsu.master I/System.out: a=candidate:Sc0a800e7 2 UDP 1862270974 174.71.214.73 45551 typ srflx raddr 192.168.0.231 rport 45551
12-21 02:13:04.163 22149-22166/com.kaatsu.master I/System.out: a=candidate:Hc0a800e7 2 UDP 1694498814 192.168.0.231 45551 typ host
12-21 02:13:04.163 22149-22166/com.kaatsu.master I/System.out: --end msg--
12-21 02:13:04.224 22149-22188/com.kaatsu.master D/AudioTrack: write: userSize = 640, blocking = 1
12-21 02:13:04.224 22149-22188/com.kaatsu.master D/AudioTrack: write: userSize = 640, blocking = 1
12-21 02:13:04.224 22149-22188/com.kaatsu.master D/AudioTrack: write: userSize = 640, blocking = 1
12-21 02:13:04.224 22149-22188/com.kaatsu.master D/AudioTrack: write: userSize = 640, blocking = 1
12-21 02:13:04.236 22149-22166/com.kaatsu.master I/System.out: 02:13:04.235 tcpc0x7f6f4b00 TCP connect() error: Connection refused [code=120111]
12-21 02:13:04.238 22149-22166/com.kaatsu.master I/System.out: 02:13:04.237 tsx0x7f6f4a90a Temporary failure in sending Request msg INVITE/cseq=14415 (tdta0x7f827ba000), will try next server: Connection refused
12-21 02:13:04.240 22149-22166/com.kaatsu.master I/System.out: 02:13:04.238 pjsua_core.c TX 2134 bytes Request msg INVITE/cseq=14415 (tdta0x7f827ba000) to UDP 199.7.173.103:5060:
12-21 02:13:04.240 22149-22166/com.kaatsu.master I/System.out: INVITE sip:jtkirk@prowlers.onsip.com SIP/2.0
12-21 02:13:04.240 22149-22166/com.kaatsu.master I/System.out: Via: SIP/2.0/UDP 174.71.214.73:6000;rport;branch=z9hG4bKPjf35025bb-c062-43c0-991f-49f3673ffd40
12-21 02:13:04.240 22149-22166/com.kaatsu.master I/System.out: Max-Forwards: 70
